{"id":283,"date":"2023-01-25T16:44:32","date_gmt":"2023-01-25T15:44:32","guid":{"rendered":"https:\/\/www.dfa.ma\/msteel\/?page_id=283"},"modified":"2023-02-08T12:47:28","modified_gmt":"2023-02-08T11:47:28","slug":"infrastructures","status":"publish","type":"page","link":"https:\/\/www.dfa.ma\/msteel\/applications\/infrastructures\/","title":{"rendered":"Infrastructures"},"content":{"rendered":"\n<p>Maghreb Steel contribue \u00e0 la construction et au d\u00e9veloppement du Maroc \u00e0 travers des solutions d\u00e9di\u00e9es \u00e0 l\u2019utilisation de l\u2019acier dans les grands projets d\u2019infrastructures. Dans ce domaine, l\u2019acier offre des possibilit\u00e9s d\u2019utilisation illimit\u00e9es.<\/p>\n\n\n\n<p>Nos produits peuvent \u00eatre utilis\u00e9s dans une grande partie des projets d\u2019infrastructure&nbsp;:<\/p>\n\n\n\n<div class=\"wp-block-columns ms-listbox is-layout-flex wp-container-4\">\n<div class=\"wp-block-column is-layout-flow\">\n<p>Autoroutes<\/p>\n<\/div>\n\n\n\n<div class=\"wp-block-column is-layout-flow\">\n<p>Ponts et Passerelles<\/p>\n<\/div>\n\n\n\n<div class=\"wp-block-column is-layout-flow\">\n<p>Gares et a\u00e9roports<\/p>\n<\/div>\n<\/div>\n\n\n\n<div class=\"wp-block-columns ms-listbox is-layout-flex wp-container-8\">\n<div class=\"wp-block-column is-layout-flow\">\n<p>Ouvrages d\u2019art<\/p>\n<\/div>\n\n\n\n<div class=\"wp-block-column is-layout-flow\">\n<p>Structures m\u00e9talliques<\/p>\n<\/div>\n\n\n\n<div class=\"wp-block-column is-layout-flow\">\n<p>Couvertures en acier pour les infrastructures<\/p>\n<\/div>\n<\/div>\n\n\n\n<p>Ces structures n\u00e9cessitent des aciers garantissant un niveau de technologie \u00e0 m\u00eame d\u2019assurer un degr\u00e9 de prestation \u00e9lev\u00e9. Nos aciers offrent des solutions parfaitement adapt\u00e9es \u00e0 ce type de r\u00e9alisations, permettant ainsi \u00e0 Maghreb Steel d\u2019accompagner le d\u00e9veloppement et la mise en \u0153uvre des projets structurants du pays.<\/p>\n","protected":false},"excerpt":{"rendered":"<p>Maghreb Steel contribue \u00e0 la construction et au d\u00e9veloppement du Maroc \u00e0 travers des solutions d\u00e9di\u00e9es \u00e0 l\u2019utilisation [&hellip;]<\/p>\n","protected":false},"author":1,"featured_media":285,"parent":224,"menu_order":20,"comment_status":"closed","ping_status":"closed","template":"","meta":{"inline_featured_image":false},"acf":[],"_links":{"self":[{"href":"https:\/\/www.dfa.ma\/msteel\/wp-json\/wp\/v2\/pages\/283"}],"collection":[{"href":"https:\/\/www.dfa.ma\/msteel\/wp-json\/wp\/v2\/pages"}],"about":[{"href":"https:\/\/www.dfa.ma\/msteel\/wp-json\/wp\/v2\/types\/page"}],"author":[{"embeddable":true,"href":"https:\/\/www.dfa.ma\/msteel\/wp-json\/wp\/v2\/users\/1"}],"replies":[{"embeddable":true,"href":"https:\/\/www.dfa.ma\/msteel\/wp-json\/wp\/v2\/comments?post=283"}],"version-history":[{"count":1,"href":"https:\/\/www.dfa.ma\/msteel\/wp-json\/wp\/v2\/pages\/283\/revisions"}],"predecessor-version":[{"id":284,"href":"https:\/\/www.dfa.ma\/msteel\/wp-json\/wp\/v2\/pages\/283\/revisions\/284"}],"up":[{"embeddable":true,"href":"https:\/\/www.dfa.ma\/msteel\/wp-json\/wp\/v2\/pages\/224"}],"wp:featuredmedia":[{"embeddable":true,"href":"https:\/\/www.dfa.ma\/msteel\/wp-json\/wp\/v2\/media\/285"}],"wp:attachment":[{"href":"https:\/\/www.dfa.ma\/msteel\/wp-json\/wp\/v2\/media?parent=283"}],"curies":[{"name":"wp","href":"https:\/\/api.w.org\/{rel}","templated":true}]}}